{"id":686,"date":"2011-10-21T14:43:30","date_gmt":"2011-10-21T14:43:30","guid":{"rendered":"https:\/\/www.hospitalaleman.org.ar\/?post_type=hospital-servicio&#038;p=686"},"modified":"2025-01-14T14:47:08","modified_gmt":"2025-01-14T17:47:08","slug":"cirugia-y-traumatologia","status":"publish","type":"hospital-servicio","link":"https:\/\/www.hospitalaleman.org.ar\/de\/nuestro-hospital\/servicios-medicos\/cirugia-y-traumatologia\/","title":{"rendered":"Cirug\u00eda y Traumatolog\u00eda Buco-Maxilo-Facial"},"content":{"rendered":"","protected":false},"featured_media":0,"parent":0,"menu_order":0,"template":"","meta":{"_acf_changed":false,"_uag_custom_page_level_css":"","_kad_blocks_custom_css":"","_kad_blocks_head_custom_js":"","_kad_blocks_body_custom_js":"","_kad_blocks_footer_custom_js":"","site-sidebar-layout":"default","site-content-layout":"","ast-site-content-layout":"default","site-content-style":"default","site-sidebar-style":"default","ast-global-header-display":"","ast-banner-title-visibility":"","ast-main-header-display":"","ast-hfb-above-header-display":"","ast-hfb-below-header-display":"","ast-hfb-mobile-header-display":"","site-post-title":"","ast-breadcrumbs-content":"","ast-featured-img":"","footer-sml-layout":"","theme-transparent-header-meta":"","adv-header-id-meta":"","stick-header-meta":"","header-above-stick-meta":"","header-main-stick-meta":"","header-below-stick-meta":"","astra-migrate-meta-layouts":"default","ast-page-background-enabled":"default","ast-page-background-meta":{"desktop":{"background-color":"var(--ast-global-color-4)","background-image":"","background-repeat":"repeat","background-position":"center center","background-size":"auto","background-attachment":"scroll","background-type":"","background-media":"","overlay-type":"","overlay-color":"","overlay-opacity":"","overlay-gradient":""},"tablet":{"background-color":"","background-image":"","background-repeat":"repeat","background-position":"center center","background-size":"auto","background-attachment":"scroll","background-type":"","background-media":"","overlay-type":"","overlay-color":"","overlay-opacity":"","overlay-gradient":""},"mobile":{"background-color":"","background-image":"","background-repeat":"repeat","background-position":"center center","background-size":"auto","background-attachment":"scroll","background-type":"","background-media":"","overlay-type":"","overlay-color":"","overlay-opacity":"","overlay-gradient":""}},"ast-content-background-meta":{"desktop":{"background-color":"var(--ast-global-color-5)","background-image":"","background-repeat":"repeat","background-position":"center center","background-size":"auto","background-attachment":"scroll","background-type":"","background-media":"","overlay-type":"","overlay-color":"","overlay-opacity":"","overlay-gradient":""},"tablet":{"background-color":"var(--ast-global-color-5)","background-image":"","background-repeat":"repeat","background-position":"center center","background-size":"auto","background-attachment":"scroll","background-type":"","background-media":"","overlay-type":"","overlay-color":"","overlay-opacity":"","overlay-gradient":""},"mobile":{"background-color":"var(--ast-global-color-5)","background-image":"","background-repeat":"repeat","background-position":"center center","background-size":"auto","background-attachment":"scroll","background-type":"","background-media":"","overlay-type":"","overlay-color":"","overlay-opacity":"","overlay-gradient":""}},"footnotes":""},"departamento":[],"class_list":["post-686","hospital-servicio","type-hospital-servicio","status-publish","hentry"],"acf":[],"taxonomy_info":[],"featured_image_src_large":false,"author_info":[],"comment_info":"","spectra_custom_meta":{"_edit_last":["101014"],"_edit_lock":["1736876831:101014"],"description_es":[""],"practicas":[""],"equipamiento":[""],"image":["18849"],"cuerpo":[""],"description_en":["The Service treats diseases, traumatisms and malformations that affect and limit the functions of the buccal cavity and the organs integrating it. The spectrum of pathologies is varied and complex; practices go from exodontia (extraction of teeth) to treating fractures of the bones in the face and the correction of face malformations, to name only a few.\r\n\r\nSurgery for ambulatory patients is performed in an Operating Room within the area of the Odontology Department, equipped with all the state of the art technical elements. Surgery procedures requiring general anaesthesia are only performed at the Hospital Central ORs, on the fifth floor. Asepsis and biosafety standards and controls are the highest and are continually monitored. The Service also has an area for temporomaxillary pathology."],"description_de":["In der MKG erfolgt die Behandlung von Krankheiten, Verletzungen und Missbildungen, die die Funktionsf\u00e4higkeit der Mundh\u00f6hle und ihrer Organe beeintr\u00e4chtigen und einschr\u00e4nken. Das Behandlungsspektrum ist vielseitig und umfassend und reicht von der Exodontie (operative Zahnentfernung) \u00fcber die Behandlung von Frakturen in den Gesichtsknochen bis zur Korrektur von Gesichtsmissbildungen, um nur einige wenige Leistungen zu nennen. Die ambulanten operativen Eingriffe erfolgen in einem OP-Saal innerhalb der Fachabteilung f\u00fcr Zahnmedizin und MKG, der mit modernster zahnmedizinischer Technik ausgestattet ist. Die Eingriffe, die Vollnarkose erfordern, werden in den zentralen OP-R\u00e4umen des Hospitals im f\u00fcnften Stock durchgef\u00fchrt. Die Standards und Kontrollen in Bezug auf Asepsis und Biosicherheit gelten als optimal und werden st\u00e4ndig \u00fcberwacht. Die Abteilung verf\u00fcgt dar\u00fcber hinaus \u00fcber einen auf Kiefergelenkpathologien spezialisierten Bereich."],"_yoast_wpseo_title":["Cirug\u00eda y Traumatolog\u00eda Buco M\u00e1xilo Facial | Servicios M\u00e9dicos | Hospital Alem\u00e1n"],"_yoast_wpseo_metadesc":["El servicio de Cirug\u00eda y Traumatolog\u00eda Buco M\u00e1xilo Facial desarrolla su actividad en la Policl\u00ednica, dentro del Departamento de Odontolog\u00eda."],"_image":["field_53b9db4768648"],"_description_es":["field_53b9db3568647"],"_cuerpo":["field_53b9dbad6864e"],"especialidades":[""],"_especialidades":["field_53b9dbb46864f"],"patologias":[""],"_patologias":["field_53b9dbbb68650"],"_practicas":["field_53b9dbc568651"],"_equipamiento":["field_53b9dbcd68652"],"faq":[""],"_faq":["field_53b9dbd668653"],"profesionales":[""],"_profesionales":["field_53b9dbde68654"],"_description_en":["field_53b9db8d6864d"],"_description_de":["field_53b9db7e6864c"],"cuerpo2_0_title":["Dr. Eduardo Rezzo"],"_cuerpo2_0_title":["field_591ddc88fd5fe"],"cuerpo2_0_puesto":["Jefe interino de Departamento de Cirug\u00eda y Traumatolog\u00eda  Buco-M\u00e1xilo-Facial - Jefe de Servicio"],"_cuerpo2_0_puesto":["field_591ddc88fd5ff"],"cuerpo2_0_important":["1"],"_cuerpo2_0_important":["field_591ddcd6fd600"],"cuerpo2_1_title":["Dr. Gerardo Pedro Spielberg"],"_cuerpo2_1_title":["field_591ddc88fd5fe"],"cuerpo2_1_puesto":["Consultor Honorario"],"_cuerpo2_1_puesto":["field_591ddc88fd5ff"],"cuerpo2_1_important":["0"],"_cuerpo2_1_important":["field_591ddcd6fd600"],"cuerpo2_2_title":["Dr. Julio Thorner"],"_cuerpo2_2_title":["field_591ddc88fd5fe"],"cuerpo2_2_puesto":["Asesor Honorario"],"_cuerpo2_2_puesto":["field_591ddc88fd5ff"],"cuerpo2_2_important":["0"],"_cuerpo2_2_important":["field_591ddcd6fd600"],"cuerpo2_3_title":["Prof. Dr. Edgardo Mario Agostinelli"],"_cuerpo2_3_title":["field_591ddc88fd5fe"],"cuerpo2_3_puesto":[""],"_cuerpo2_3_puesto":["field_591ddc88fd5ff"],"cuerpo2_3_important":["0"],"_cuerpo2_3_important":["field_591ddcd6fd600"],"cuerpo2_4_title":["Dr. Diego Batwini"],"_cuerpo2_4_title":["field_591ddc88fd5fe"],"cuerpo2_4_puesto":[""],"_cuerpo2_4_puesto":["field_591ddc88fd5ff"],"cuerpo2_4_important":["0"],"_cuerpo2_4_important":["field_591ddcd6fd600"],"cuerpo2_5_title":["Dr. Sebasti\u00e1n Hern\u00e1ndez"],"_cuerpo2_5_title":["field_591ddc88fd5fe"],"cuerpo2_5_puesto":[""],"_cuerpo2_5_puesto":["field_591ddc88fd5ff"],"cuerpo2_5_important":["0"],"_cuerpo2_5_important":["field_591ddcd6fd600"],"cuerpo2_6_title":["Dra. Victoria Pezza"],"_cuerpo2_6_title":["field_591ddc88fd5fe"],"cuerpo2_6_puesto":[""],"_cuerpo2_6_puesto":["field_591ddc88fd5ff"],"cuerpo2_6_important":["0"],"_cuerpo2_6_important":["field_591ddcd6fd600"],"cuerpo2":["9"],"_cuerpo2":["field_591ddc88fd5fd"],"especialidades2":[""],"_especialidades2":["field_5b60dace6d56e"],"_yoast_wpseo_content_score":["90"],"faq2":[""],"_faq2":["field_5b3bbc1f5bfb9"],"subpages":[""],"_subpages":["field_5b3bbc345bfbc"],"mision":[""],"_mision":["field_5b5a4f023943f"],"funciones":[""],"_funciones":["field_5b5a4f1139440"],"especialidades3":[""],"_especialidades3":["field_591ddc08fd5f3"],"_pp_is_autodraft":["1"],"cuerpo2_0_isSeparator":["0"],"_cuerpo2_0_isSeparator":["field_5d1e3d92dcdfe"],"cuerpo2_1_isSeparator":["0"],"_cuerpo2_1_isSeparator":["field_5d1e3d92dcdfe"],"cuerpo2_2_isSeparator":["0"],"_cuerpo2_2_isSeparator":["field_5d1e3d92dcdfe"],"cuerpo2_3_isSeparator":["0"],"_cuerpo2_3_isSeparator":["field_5d1e3d92dcdfe"],"cuerpo2_4_isSeparator":["0"],"_cuerpo2_4_isSeparator":["field_5d1e3d92dcdfe"],"cuerpo2_5_isSeparator":["0"],"_cuerpo2_5_isSeparator":["field_5d1e3d92dcdfe"],"cuerpo2_6_isSeparator":["0"],"_cuerpo2_6_isSeparator":["field_5d1e3d92dcdfe"],"_yoast_wpseo_estimated-reading-time-minutes":["1"],"_yoast_wpseo_wordproof_timestamp":[""],"cuerpo2_7_isSeparator":["0"],"_cuerpo2_7_isSeparator":["field_5d1e3d92dcdfe"],"cuerpo2_7_title":["Dr. Diego Valero"],"_cuerpo2_7_title":["field_591ddc88fd5fe"],"cuerpo2_7_puesto":[""],"_cuerpo2_7_puesto":["field_591ddc88fd5ff"],"cuerpo2_7_important":["0"],"_cuerpo2_7_important":["field_591ddcd6fd600"],"cuerpo2_8_isSeparator":["0"],"_cuerpo2_8_isSeparator":["field_5d1e3d92dcdfe"],"cuerpo2_8_title":["Dra. Laura Cecilia Werner"],"_cuerpo2_8_title":["field_591ddc88fd5fe"],"cuerpo2_8_puesto":["Programa de Estomatolog\u00eda"],"_cuerpo2_8_puesto":["field_591ddc88fd5ff"],"cuerpo2_8_important":["0"],"_cuerpo2_8_important":["field_591ddcd6fd600"],"modules":[""],"_modules":["field_5656263b16a73"],"redirecturl":[""],"_redirecturl":["field_66911ebd30aae"],"_uag_css_file_name":["uag-css-686.css"],"_uag_page_assets":["a:9:{s:3:\"css\";s:0:\"\";s:2:\"js\";s:0:\"\";s:18:\"current_block_list\";a:2:{i:0;s:12:\"core\/heading\";i:1;s:14:\"core\/page-list\";}s:8:\"uag_flag\";b:0;s:11:\"uag_version\";s:10:\"1777355422\";s:6:\"gfonts\";a:1:{s:7:\"Default\";a:2:{s:10:\"fontfamily\";s:7:\"Default\";s:12:\"fontvariants\";a:0:{}}}s:10:\"gfonts_url\";s:0:\"\";s:12:\"gfonts_files\";a:0:{}s:14:\"uag_faq_layout\";b:0;}"]},"uagb_featured_image_src":{"full":false,"thumbnail":false,"medium":false,"medium_large":false,"large":false,"1536x1536":false,"2048x2048":false,"gform-image-choice-sm":false,"gform-image-choice-md":false,"gform-image-choice-lg":false},"uagb_author_info":{"display_name":"Publicidad","author_link":"https:\/\/www.hospitalaleman.org.ar\/de\/author\/"},"uagb_comment_info":0,"uagb_excerpt":"...","_links":{"self":[{"href":"https:\/\/www.hospitalaleman.org.ar\/de\/wp-json\/wp\/v2\/hospital-servicio\/686","targetHints":{"allow":["GET"]}}],"collection":[{"href":"https:\/\/www.hospitalaleman.org.ar\/de\/wp-json\/wp\/v2\/hospital-servicio"}],"about":[{"href":"https:\/\/www.hospitalaleman.org.ar\/de\/wp-json\/wp\/v2\/types\/hospital-servicio"}],"version-history":[{"count":18,"href":"https:\/\/www.hospitalaleman.org.ar\/de\/wp-json\/wp\/v2\/hospital-servicio\/686\/revisions"}],"predecessor-version":[{"id":30338,"href":"https:\/\/www.hospitalaleman.org.ar\/de\/wp-json\/wp\/v2\/hospital-servicio\/686\/revisions\/30338"}],"wp:attachment":[{"href":"https:\/\/www.hospitalaleman.org.ar\/de\/wp-json\/wp\/v2\/media?parent=686"}],"wp:term":[{"taxonomy":"departamento","embeddable":true,"href":"https:\/\/www.hospitalaleman.org.ar\/de\/wp-json\/wp\/v2\/departamento?post=686"}],"curies":[{"name":"wp","href":"https:\/\/api.w.org\/{rel}","templated":true}]}}

Cirugía y Traumatología Buco-Maxilo-Facial

In der MKG erfolgt die Behandlung von Krankheiten, Verletzungen und Missbildungen, die die Funktionsfähigkeit der Mundhöhle und ihrer Organe beeinträchtigen und einschränken. Das Behandlungsspektrum ist vielseitig und umfassend und reicht von der Exodontie (operative Zahnentfernung) über die Behandlung von Frakturen in den Gesichtsknochen bis zur Korrektur von Gesichtsmissbildungen, um nur einige wenige Leistungen zu nennen. Die ambulanten operativen Eingriffe erfolgen in einem OP-Saal innerhalb der Fachabteilung für Zahnmedizin und MKG, der mit modernster zahnmedizinischer Technik ausgestattet ist. Die Eingriffe, die Vollnarkose erfordern, werden in den zentralen OP-Räumen des Hospitals im fünften Stock durchgeführt. Die Standards und Kontrollen in Bezug auf Asepsis und Biosicherheit gelten als optimal und werden ständig überwacht. Die Abteilung verfügt darüber hinaus über einen auf Kiefergelenkpathologien spezialisierten Bereich.

Cirugía y Traumatología Buco Máxilo Facial | Servicios Médicos | Hospital Alemán

El servicio de Cirugía y Traumatología Buco Máxilo Facial desarrolla su actividad en la Policlínica, dentro del Departamento de Odontología.

Jefe interino de Departamento de Cirugía y Traumatología  Buco-Máxilo-Facial - Jefe de Servicio

Dr. Sebastián Hernández

Programa de Estomatología
