{"id":29850,"date":"2025-01-07T15:17:06","date_gmt":"2025-01-07T18:17:06","guid":{"rendered":"https:\/\/www.hospitalaleman.org.ar\/?post_type=testimonio&#038;p=29850"},"modified":"2025-01-15T13:49:39","modified_gmt":"2025-01-15T16:49:39","slug":"victoria-paciente-recuperada-de-un-acv","status":"publish","type":"testimonio","link":"https:\/\/www.hospitalaleman.org.ar\/de\/testimonios\/victoria-paciente-recuperada-de-un-acv\/","title":{"rendered":"Victoria: paciente recuperada de un ACV"},"content":{"rendered":"\n<p class=\"has-x-large-font-size\">Victoria: paciente recuperada de un ACV<\/p>\n\n\n\n<p>Me llamo Victoria y quer\u00eda contarles mi historia.<br><br>Habiendo transcurrido una ma\u00f1ana cualquiera, me ocurri\u00f3 algo inesperado. Sin comprender la causa, me percat\u00e9 que no pod\u00eda hablar. Me preguntaban mi nombre y no pod\u00eda juntar las palabras.<br><br>Al tomar agua, ca\u00eda por el lado derecho de mi boca. Y cuando intentaba sonre\u00edr, s\u00f3lo lo hac\u00eda del lado izquierdo. \u201cEs un ACV\u201d, afirm\u00f3 mi mam\u00e1 de forma contundente.<br><br>Llamaron a una ambulancia y me trasladaron a la guardia del <span translate=\"no\">Alem\u00e1n<\/span>. Realic\u00e9 una resonancia y detectaron una hemorragia en el lado izquierdo de mi cerebro. Fui operada esa misma noche. Y para descomprimir, debieron dejarme sin parte del cr\u00e1neo.<br><br>En terapia comenc\u00e9 a evolucionar favorablemente y mi optimismo se acrecent\u00f3. El d\u00eda que me traspasaron de habitaci\u00f3n, cant\u00e9 \u201cDespacito\u201d, de Luis Fonsi. Pero con otra letra: \u201c\u00a1Dees\u2026 paaa\u2026ciiiito! \u00a1Vamos arreglando nuestro cuerpo despacito!\u201d.<br><br>Nuevos estudios detectaron una bacteria en mi coraz\u00f3n y realic\u00e9 un tratamiento con antibi\u00f3ticos para eliminarla. Aprend\u00ed a comer, hablar, y caminar otra vez.<br><br>Y despacito, volv\u00ed a realizar cosas que antes naturalizaba. Que eran parte de mi cotidianeidad y las daba por sentado. Finalmente, casi 1 mes m\u00e1s tarde, tuve el alta. Desde ese momento, volv\u00ed a ser yo.<br><br>Distinta, transformada. Pero, parad\u00f3jicamente, la misma de siempre. Hoy, comprendo que todo lo vivido me ense\u00f1\u00f3 a valorar m\u00e1s las peque\u00f1as cosas. A no dar por sentado disfrutar con mis seres queridos. O de algo tan simple como respirar aire fresco.<br><br>El a\u00f1o no hab\u00eda comenzado de la mejor manera. Pero pude canalizar su aprendizaje de forma positiva e incluso, recibirme de arquitecta.<br><br>Quiero agradecer profundamente a todos los m\u00e9dicos y m\u00e9dicas del <span translate=\"no\">Alem\u00e1n<\/span>. Y a todos los profesionales de kinesiolog\u00eda, fonoaudiolog\u00eda, enfermer\u00eda, mucamas, camilleros y personal de cocina.<br><br>A mi familia y amigas, tambi\u00e9n. En especial, a mis pap\u00e1s, que nunca me dejaron sola. Literalmente, d\u00eda y noche se turnaron para estar siempre a mi lado.<br><br>\u00a1No me alcanza el coraz\u00f3n para agradecerles! Pese a todo, \u00a1la pas\u00e9 muy bien! Y fue gracias a todos ustedes.<\/p>\n","protected":false},"featured_media":27750,"template":"","meta":{"_acf_changed":false,"_uag_custom_page_level_css":"","_kad_blocks_custom_css":"","_kad_blocks_head_custom_js":"","_kad_blocks_body_custom_js":"","_kad_blocks_footer_custom_js":"","site-sidebar-layout":"default","site-content-layout":"","ast-site-content-layout":"default","site-content-style":"default","site-sidebar-style":"default","ast-global-header-display":"","ast-banner-title-visibility":"","ast-main-header-display":"","ast-hfb-above-header-display":"","ast-hfb-below-header-display":"","ast-hfb-mobile-header-display":"","site-post-title":"disabled","ast-breadcrumbs-content":"","ast-featured-img":"","footer-sml-layout":"","theme-transparent-header-meta":"","adv-header-id-meta":"","stick-header-meta":"","header-above-stick-meta":"","header-main-stick-meta":"","header-below-stick-meta":"","astra-migrate-meta-layouts":"default","ast-page-background-enabled":"default","ast-page-background-meta":{"desktop":{"background-color":"var(--ast-global-color-4)","background-image":"","background-repeat":"repeat","background-position":"center center","background-size":"auto","background-attachment":"scroll","background-type":"","background-media":"","overlay-type":"","overlay-color":"","overlay-opacity":"","overlay-gradient":""},"tablet":{"background-color":"","background-image":"","background-repeat":"repeat","background-position":"center center","background-size":"auto","background-attachment":"scroll","background-type":"","background-media":"","overlay-type":"","overlay-color":"","overlay-opacity":"","overlay-gradient":""},"mobile":{"background-color":"","background-image":"","background-repeat":"repeat","background-position":"center center","background-size":"auto","background-attachment":"scroll","background-type":"","background-media":"","overlay-type":"","overlay-color":"","overlay-opacity":"","overlay-gradient":""}},"ast-content-background-meta":{"desktop":{"background-color":"var(--ast-global-color-5)","background-image":"","background-repeat":"repeat","background-position":"center center","background-size":"auto","background-attachment":"scroll","background-type":"","background-media":"","overlay-type":"","overlay-color":"","overlay-opacity":"","overlay-gradient":""},"tablet":{"background-color":"var(--ast-global-color-5)","background-image":"","background-repeat":"repeat","background-position":"center center","background-size":"auto","background-attachment":"scroll","background-type":"","background-media":"","overlay-type":"","overlay-color":"","overlay-opacity":"","overlay-gradient":""},"mobile":{"background-color":"var(--ast-global-color-5)","background-image":"","background-repeat":"repeat","background-position":"center center","background-size":"auto","background-attachment":"scroll","background-type":"","background-media":"","overlay-type":"","overlay-color":"","overlay-opacity":"","overlay-gradient":""}},"footnotes":""},"class_list":["post-29850","testimonio","type-testimonio","status-publish","has-post-thumbnail","hentry"],"acf":[],"taxonomy_info":[],"featured_image_src_large":["https:\/\/www.hospitalaleman.org.ar\/wp-content\/uploads\/2024\/04\/Testimonio-web-1-1-1024x1024.jpg",1024,1024,true],"author_info":[],"comment_info":"","spectra_custom_meta":{"_edit_lock":["1736959795:101014"],"_thumbnail_id":["27750"],"_edit_last":["101014"],"modules":[""],"_modules":["field_5656263b16a73"],"redirecturl":[""],"_redirecturl":["field_66911ebd30aae"],"_pys_head_footer":["a:7:{s:14:\"disable_global\";b:0;s:8:\"head_any\";s:0:\"\";s:12:\"head_desktop\";s:0:\"\";s:11:\"head_mobile\";s:0:\"\";s:10:\"footer_any\";s:0:\"\";s:14:\"footer_desktop\";s:0:\"\";s:13:\"footer_mobile\";s:0:\"\";}"],"quote":["\u00a1No me alcanza el coraz\u00f3n para agradecerles!"],"_quote":["field_67868afd7c04b"],"_uag_custom_page_level_css":[""],"_kad_blocks_custom_css":[""],"_kad_blocks_head_custom_js":[""],"_kad_blocks_body_custom_js":[""],"_kad_blocks_footer_custom_js":[""],"site-post-title":["disabled"],"theme-transparent-header-meta":[""],"adv-header-id-meta":[""],"stick-header-meta":[""],"footnotes":[""],"searchOptions":["default"],"_searchOptions":["field_6086fde5956fe"],"_uag_css_file_name":["uag-css-29850.css"],"_uag_page_assets":["a:9:{s:3:\"css\";s:0:\"\";s:2:\"js\";s:0:\"\";s:18:\"current_block_list\";a:3:{i:0;s:14:\"core\/paragraph\";i:1;s:12:\"core\/heading\";i:2;s:14:\"core\/page-list\";}s:8:\"uag_flag\";b:0;s:11:\"uag_version\";s:10:\"1777311127\";s:6:\"gfonts\";a:1:{s:7:\"Default\";a:2:{s:10:\"fontfamily\";s:7:\"Default\";s:12:\"fontvariants\";a:0:{}}}s:10:\"gfonts_url\";s:0:\"\";s:12:\"gfonts_files\";a:0:{}s:14:\"uag_faq_layout\";b:0;}"]},"uagb_featured_image_src":{"full":["https:\/\/www.hospitalaleman.org.ar\/wp-content\/uploads\/2024\/04\/Testimonio-web-1-1.jpg",1440,1440,false],"thumbnail":["https:\/\/www.hospitalaleman.org.ar\/wp-content\/uploads\/2024\/04\/Testimonio-web-1-1-150x150.jpg",150,150,true],"medium":["https:\/\/www.hospitalaleman.org.ar\/wp-content\/uploads\/2024\/04\/Testimonio-web-1-1-300x300.jpg",300,300,true],"medium_large":["https:\/\/www.hospitalaleman.org.ar\/wp-content\/uploads\/2024\/04\/Testimonio-web-1-1-768x768.jpg",768,768,true],"large":["https:\/\/www.hospitalaleman.org.ar\/wp-content\/uploads\/2024\/04\/Testimonio-web-1-1-1024x1024.jpg",1024,1024,true],"1536x1536":["https:\/\/www.hospitalaleman.org.ar\/wp-content\/uploads\/2024\/04\/Testimonio-web-1-1.jpg",1440,1440,false],"2048x2048":["https:\/\/www.hospitalaleman.org.ar\/wp-content\/uploads\/2024\/04\/Testimonio-web-1-1.jpg",1440,1440,false],"gform-image-choice-sm":["https:\/\/www.hospitalaleman.org.ar\/wp-content\/uploads\/2024\/04\/Testimonio-web-1-1.jpg",300,300,false],"gform-image-choice-md":["https:\/\/www.hospitalaleman.org.ar\/wp-content\/uploads\/2024\/04\/Testimonio-web-1-1.jpg",400,400,false],"gform-image-choice-lg":["https:\/\/www.hospitalaleman.org.ar\/wp-content\/uploads\/2024\/04\/Testimonio-web-1-1.jpg",600,600,false]},"uagb_author_info":{"display_name":"Publicidad","author_link":"https:\/\/www.hospitalaleman.org.ar\/de\/author\/"},"uagb_comment_info":0,"uagb_excerpt":"Victoria: paciente recuperada de un ACV Me llamo Victoria y quer\u00eda contarles mi historia. Habiendo transcurrido una ma\u00f1ana cualquiera, me [&hellip;]...","_links":{"self":[{"href":"https:\/\/www.hospitalaleman.org.ar\/de\/wp-json\/wp\/v2\/testimonio\/29850","targetHints":{"allow":["GET"]}}],"collection":[{"href":"https:\/\/www.hospitalaleman.org.ar\/de\/wp-json\/wp\/v2\/testimonio"}],"about":[{"href":"https:\/\/www.hospitalaleman.org.ar\/de\/wp-json\/wp\/v2\/types\/testimonio"}],"version-history":[{"count":4,"href":"https:\/\/www.hospitalaleman.org.ar\/de\/wp-json\/wp\/v2\/testimonio\/29850\/revisions"}],"predecessor-version":[{"id":30433,"href":"https:\/\/www.hospitalaleman.org.ar\/de\/wp-json\/wp\/v2\/testimonio\/29850\/revisions\/30433"}],"wp:featuredmedia":[{"embeddable":true,"href":"https:\/\/www.hospitalaleman.org.ar\/de\/wp-json\/wp\/v2\/media\/27750"}],"wp:attachment":[{"href":"https:\/\/www.hospitalaleman.org.ar\/de\/wp-json\/wp\/v2\/media?parent=29850"}],"curies":[{"name":"wp","href":"https:\/\/api.w.org\/{rel}","templated":true}]}}

<p class="has-x-large-font-size">Victoria: paciente recuperada de un ACV</p>



<p>Me llamo Victoria y quería contarles mi historia.<br><br>Habiendo transcurrido una mañana cualquiera, me ocurrió algo inesperado. Sin comprender la causa, me percaté que no podía hablar. Me preguntaban mi nombre y no podía juntar las palabras.<br><br>Al tomar agua, caía por el lado derecho de mi boca. Y cuando intentaba sonreír, sólo lo hacía del lado izquierdo. “Es un ACV”, afirmó mi mamá de forma contundente.<br><br>Llamaron a una ambulancia y me trasladaron a la guardia del <span translate="no">Alemán</span>. Realicé una resonancia y detectaron una hemorragia en el lado izquierdo de mi cerebro. Fui operada esa misma noche. Y para descomprimir, debieron dejarme sin parte del cráneo.<br><br>En terapia comencé a evolucionar favorablemente y mi optimismo se acrecentó. El día que me traspasaron de habitación, canté “Despacito”, de Luis Fonsi. Pero con otra letra: “¡Dees… paaa…ciiiito! ¡Vamos arreglando nuestro cuerpo despacito!”.<br><br>Nuevos estudios detectaron una bacteria en mi corazón y realicé un tratamiento con antibióticos para eliminarla. Aprendí a comer, hablar, y caminar otra vez.<br><br>Y despacito, volví a realizar cosas que antes naturalizaba. Que eran parte de mi cotidianeidad y las daba por sentado. Finalmente, casi 1 mes más tarde, tuve el alta. Desde ese momento, volví a ser yo.<br><br>Distinta, transformada. Pero, paradójicamente, la misma de siempre. Hoy, comprendo que todo lo vivido me enseñó a valorar más las pequeñas cosas. A no dar por sentado disfrutar con mis seres queridos. O de algo tan simple como respirar aire fresco.<br><br>El año no había comenzado de la mejor manera. Pero pude canalizar su aprendizaje de forma positiva e incluso, recibirme de arquitecta.<br><br>Quiero agradecer profundamente a todos los médicos y médicas del <span translate="no">Alemán</span>. Y a todos los profesionales de kinesiología, fonoaudiología, enfermería, mucamas, camilleros y personal de cocina.<br><br>A mi familia y amigas, también. En especial, a mis papás, que nunca me dejaron sola. Literalmente, día y noche se turnaron para estar siempre a mi lado.<br><br>¡No me alcanza el corazón para agradecerles! Pese a todo, ¡la pasé muy bien! Y fue gracias a todos ustedes.</p>

¡No me alcanza el corazón para agradecerles!

Victoria: paciente recuperada de un ACV Me llamo Victoria y quería contarles mi historia. Habiendo transcurrido una mañana cualquiera, me [&hellip;]...
