{"id":29856,"date":"2025-01-07T15:26:31","date_gmt":"2025-01-07T18:26:31","guid":{"rendered":"https:\/\/www.hospitalaleman.org.ar\/?post_type=testimonio&#038;p=29856"},"modified":"2025-01-15T13:49:52","modified_gmt":"2025-01-15T16:49:52","slug":"roberto-paciente-trasplantado-de-higado","status":"publish","type":"testimonio","link":"https:\/\/www.hospitalaleman.org.ar\/de\/testimonios\/roberto-paciente-trasplantado-de-higado\/","title":{"rendered":"Roberto: paciente trasplantado de h\u00edgado"},"content":{"rendered":"\n<p class=\"has-x-large-font-size\">Roberto: paciente trasplantado de h\u00edgado<\/p>\n\n\n\n<p>En el \u201cD\u00eda del Padre\u201d uno suele celebrar el &#8220;ser&#8221;. El ser padre. Pero luego de una experiencia trascendental como recibir un trasplante de h\u00edgado, me di cuenta de que tambi\u00e9n debemos festejar el hecho de &#8220;estar&#8221;.<\/p>\n\n\n\n<p>Estar presente durante la crianza y simplemente disfrutar el hecho de ver crecer a nuestros hijos. Ellos son el mejor regalo que nos puede ofrecer la vida. Junto a ellos conoc\u00ed el amor incondicional y eterno.<\/p>\n\n\n\n<p>As\u00ed, fue mi familia la que me dio la energ\u00eda necesaria para transitar todo mi proceso de sanaci\u00f3n. Sab\u00eda que por mis hijos iba a realizar todo lo que estuviera a mi alcance para que no se quedaran sin padre a una edad tan temprana. Y por mi esposa, para no dejarla sola en la tarea de criar a nuestros hijos.<\/p>\n\n\n\n<p>Hoy, celebro ambas cosas: El poder ser y el poder estar. Me siento afortunado y agradecido con esta nueva oportunidad que la vida me otorg\u00f3.<\/p>\n\n\n\n<p>Quiero agradecer al <span translate=\"no\">Hospital Alem\u00e1n<\/span>, a INCUCAI y a todos los profesionales que participan salvando vidas: M\u00e9dicos, cirujanos, anestesistas, enfermeros, camilleros, auxiliares y administrativos.<\/p>\n\n\n\n<p>Y, a\u00fan m\u00e1s importante, transmitir el agradecimiento a esa persona que no s\u00e9 qui\u00e9n es, ni c\u00f3mo se llama, pero que se transform\u00f3 en mi h\u00e9roe o hero\u00edna personal por el resto de mi vida.<\/p>\n","protected":false},"featured_media":29882,"template":"","meta":{"_acf_changed":false,"_uag_custom_page_level_css":"","_kad_blocks_custom_css":"","_kad_blocks_head_custom_js":"","_kad_blocks_body_custom_js":"","_kad_blocks_footer_custom_js":"","site-sidebar-layout":"default","site-content-layout":"","ast-site-content-layout":"default","site-content-style":"default","site-sidebar-style":"default","ast-global-header-display":"","ast-banner-title-visibility":"","ast-main-header-display":"","ast-hfb-above-header-display":"","ast-hfb-below-header-display":"","ast-hfb-mobile-header-display":"","site-post-title":"disabled","ast-breadcrumbs-content":"","ast-featured-img":"","footer-sml-layout":"","theme-transparent-header-meta":"","adv-header-id-meta":"","stick-header-meta":"","header-above-stick-meta":"","header-main-stick-meta":"","header-below-stick-meta":"","astra-migrate-meta-layouts":"default","ast-page-background-enabled":"default","ast-page-background-meta":{"desktop":{"background-color":"var(--ast-global-color-4)","background-image":"","background-repeat":"repeat","background-position":"center center","background-size":"auto","background-attachment":"scroll","background-type":"","background-media":"","overlay-type":"","overlay-color":"","overlay-opacity":"","overlay-gradient":""},"tablet":{"background-color":"","background-image":"","background-repeat":"repeat","background-position":"center center","background-size":"auto","background-attachment":"scroll","background-type":"","background-media":"","overlay-type":"","overlay-color":"","overlay-opacity":"","overlay-gradient":""},"mobile":{"background-color":"","background-image":"","background-repeat":"repeat","background-position":"center center","background-size":"auto","background-attachment":"scroll","background-type":"","background-media":"","overlay-type":"","overlay-color":"","overlay-opacity":"","overlay-gradient":""}},"ast-content-background-meta":{"desktop":{"background-color":"var(--ast-global-color-5)","background-image":"","background-repeat":"repeat","background-position":"center center","background-size":"auto","background-attachment":"scroll","background-type":"","background-media":"","overlay-type":"","overlay-color":"","overlay-opacity":"","overlay-gradient":""},"tablet":{"background-color":"var(--ast-global-color-5)","background-image":"","background-repeat":"repeat","background-position":"center center","background-size":"auto","background-attachment":"scroll","background-type":"","background-media":"","overlay-type":"","overlay-color":"","overlay-opacity":"","overlay-gradient":""},"mobile":{"background-color":"var(--ast-global-color-5)","background-image":"","background-repeat":"repeat","background-position":"center center","background-size":"auto","background-attachment":"scroll","background-type":"","background-media":"","overlay-type":"","overlay-color":"","overlay-opacity":"","overlay-gradient":""}},"footnotes":""},"class_list":["post-29856","testimonio","type-testimonio","status-publish","has-post-thumbnail","hentry"],"acf":[],"taxonomy_info":[],"featured_image_src_large":["https:\/\/www.hospitalaleman.org.ar\/wp-content\/uploads\/2025\/01\/testimonio-roberto-982x1024.jpeg",982,1024,true],"author_info":[],"comment_info":"","spectra_custom_meta":{"_edit_lock":["1736959804:101014"],"_edit_last":["101014"],"modules":[""],"_modules":["field_5656263b16a73"],"redirecturl":[""],"_redirecturl":["field_66911ebd30aae"],"_pys_head_footer":["a:7:{s:14:\"disable_global\";b:0;s:8:\"head_any\";s:0:\"\";s:12:\"head_desktop\";s:0:\"\";s:11:\"head_mobile\";s:0:\"\";s:10:\"footer_any\";s:0:\"\";s:14:\"footer_desktop\";s:0:\"\";s:13:\"footer_mobile\";s:0:\"\";}"],"_thumbnail_id":["29882"],"quote":["Agradezco al Hospital Alem\u00e1n y a todos los profesionales que participan salvando vidas."],"_quote":["field_67868afd7c04b"],"searchOptions":["default"],"_searchOptions":["field_6086fde5956fe"],"_uag_custom_page_level_css":[""],"_kad_blocks_custom_css":[""],"_kad_blocks_head_custom_js":[""],"_kad_blocks_body_custom_js":[""],"_kad_blocks_footer_custom_js":[""],"site-post-title":["disabled"],"theme-transparent-header-meta":[""],"adv-header-id-meta":[""],"stick-header-meta":[""],"footnotes":[""],"_uag_css_file_name":["uag-css-29856.css"]},"uagb_featured_image_src":{"full":["https:\/\/www.hospitalaleman.org.ar\/wp-content\/uploads\/2025\/01\/testimonio-roberto.jpeg",1166,1216,false],"thumbnail":["https:\/\/www.hospitalaleman.org.ar\/wp-content\/uploads\/2025\/01\/testimonio-roberto-150x150.jpeg",150,150,true],"medium":["https:\/\/www.hospitalaleman.org.ar\/wp-content\/uploads\/2025\/01\/testimonio-roberto-288x300.jpeg",288,300,true],"medium_large":["https:\/\/www.hospitalaleman.org.ar\/wp-content\/uploads\/2025\/01\/testimonio-roberto-768x801.jpeg",768,801,true],"large":["https:\/\/www.hospitalaleman.org.ar\/wp-content\/uploads\/2025\/01\/testimonio-roberto-982x1024.jpeg",982,1024,true],"1536x1536":["https:\/\/www.hospitalaleman.org.ar\/wp-content\/uploads\/2025\/01\/testimonio-roberto.jpeg",1166,1216,false],"2048x2048":["https:\/\/www.hospitalaleman.org.ar\/wp-content\/uploads\/2025\/01\/testimonio-roberto.jpeg",1166,1216,false],"gform-image-choice-sm":["https:\/\/www.hospitalaleman.org.ar\/wp-content\/uploads\/2025\/01\/testimonio-roberto.jpeg",288,300,false],"gform-image-choice-md":["https:\/\/www.hospitalaleman.org.ar\/wp-content\/uploads\/2025\/01\/testimonio-roberto.jpeg",384,400,false],"gform-image-choice-lg":["https:\/\/www.hospitalaleman.org.ar\/wp-content\/uploads\/2025\/01\/testimonio-roberto.jpeg",575,600,false]},"uagb_author_info":{"display_name":"Publicidad","author_link":"https:\/\/www.hospitalaleman.org.ar\/de\/author\/"},"uagb_comment_info":0,"uagb_excerpt":"Roberto: paciente trasplantado de h\u00edgado En el \u201cD\u00eda del Padre\u201d uno suele celebrar el &#8220;ser&#8221;. El ser padre. Pero luego [&hellip;]...","_links":{"self":[{"href":"https:\/\/www.hospitalaleman.org.ar\/de\/wp-json\/wp\/v2\/testimonio\/29856","targetHints":{"allow":["GET"]}}],"collection":[{"href":"https:\/\/www.hospitalaleman.org.ar\/de\/wp-json\/wp\/v2\/testimonio"}],"about":[{"href":"https:\/\/www.hospitalaleman.org.ar\/de\/wp-json\/wp\/v2\/types\/testimonio"}],"version-history":[{"count":7,"href":"https:\/\/www.hospitalaleman.org.ar\/de\/wp-json\/wp\/v2\/testimonio\/29856\/revisions"}],"predecessor-version":[{"id":30435,"href":"https:\/\/www.hospitalaleman.org.ar\/de\/wp-json\/wp\/v2\/testimonio\/29856\/revisions\/30435"}],"wp:featuredmedia":[{"embeddable":true,"href":"https:\/\/www.hospitalaleman.org.ar\/de\/wp-json\/wp\/v2\/media\/29882"}],"wp:attachment":[{"href":"https:\/\/www.hospitalaleman.org.ar\/de\/wp-json\/wp\/v2\/media?parent=29856"}],"curies":[{"name":"wp","href":"https:\/\/api.w.org\/{rel}","templated":true}]}}

Roberto: paciente trasplantado de hígado

<p class="has-x-large-font-size">Roberto: paciente trasplantado de hígado</p>



<p>En el “Día del Padre” uno suele celebrar el &#8220;ser&#8221;. El ser padre. Pero luego de una experiencia trascendental como recibir un trasplante de hígado, me di cuenta de que también debemos festejar el hecho de &#8220;estar&#8221;.</p>



<p>Estar presente durante la crianza y simplemente disfrutar el hecho de ver crecer a nuestros hijos. Ellos son el mejor regalo que nos puede ofrecer la vida. Junto a ellos conocí el amor incondicional y eterno.</p>



<p>Así, fue mi familia la que me dio la energía necesaria para transitar todo mi proceso de sanación. Sabía que por mis hijos iba a realizar todo lo que estuviera a mi alcance para que no se quedaran sin padre a una edad tan temprana. Y por mi esposa, para no dejarla sola en la tarea de criar a nuestros hijos.</p>



<p>Hoy, celebro ambas cosas: El poder ser y el poder estar. Me siento afortunado y agradecido con esta nueva oportunidad que la vida me otorgó.</p>



<p>Quiero agradecer al <span translate="no">Hospital Alemán</span>, a INCUCAI y a todos los profesionales que participan salvando vidas: Médicos, cirujanos, anestesistas, enfermeros, camilleros, auxiliares y administrativos.</p>



<p>Y, aún más importante, transmitir el agradecimiento a esa persona que no sé quién es, ni cómo se llama, pero que se transformó en mi héroe o heroína personal por el resto de mi vida.</p>

Agradezco al Hospital Alemán y a todos los profesionales que participan salvando vidas.

Roberto: paciente trasplantado de hígado En el “Día del Padre” uno suele celebrar el &#8220;ser&#8221;. El ser padre. Pero luego [&hellip;]...
