{"id":29887,"date":"2025-01-07T23:14:29","date_gmt":"2025-01-08T02:14:29","guid":{"rendered":"https:\/\/www.hospitalaleman.org.ar\/?post_type=testimonio&#038;p=29887"},"modified":"2025-01-15T13:49:47","modified_gmt":"2025-01-15T16:49:47","slug":"fabiana-paciente-recuperada-de-cancer-de-mama","status":"publish","type":"testimonio","link":"https:\/\/www.hospitalaleman.org.ar\/de\/testimonios\/fabiana-paciente-recuperada-de-cancer-de-mama\/","title":{"rendered":"Fabiana: paciente recuperada de c\u00e1ncer de mama"},"content":{"rendered":"\n<p class=\"has-x-large-font-size\">Fabiana: paciente recuperada de c\u00e1ncer de mama<\/p>\n\n\n\n<p>Una ma\u00f1ana de finales de verano me estaba poniendo protector solar y not\u00e9 una peque\u00f1a protuberancia en mi mama derecha. Tan peque\u00f1a que casi pasaba inadvertida.<\/p>\n\n\n\n<p>Luego de realizarme los estudios correspondientes, se confirm\u00f3 mi diagn\u00f3stico: carcinoma. Hice radioterapia y, por cinco a\u00f1os, tuve que hacer hormonoterapia.<\/p>\n\n\n\n<p>Y aqu\u00ed quiero hacer un punto. Cuento estos detalles con la experiencia de haberlos atravesado sin dramatismo. No por morbo, sino para que sepas que, si te toca transitar esta enfermedad, pod\u00e9s hacerlo con total hidalgu\u00eda.<\/p>\n\n\n\n<p>Nunca me pregunt\u00e9: \u201c\u00bfPor qu\u00e9 a m\u00ed?\u201d C\u00f3mo tampoco me lo pregunto cuando me pasan cosas maravillosas en mi vida. Muchas veces reclamamos ante las dificultades, pero creemos que todo lo bueno nos lo merecemos por naturaleza.<\/p>\n\n\n\n<p>El c\u00e1ncer de mama tiene como principal factor de riesgo ser mujer. Yo no estaba dentro de ninguna de las estad\u00edsticas ni de los factores de riesgo.<\/p>\n\n\n\n<p>Por eso, quiero trasmitirte estos consejos:<\/p>\n\n\n\n<p>Ocupate de tu salud. Conoc\u00e9 tu cuerpo; no hay nadie mejor que vos para descubrir cualquier anomal\u00eda. Una vez al mes, hac\u00e9 tu autoexamen mamario frente al espejo.<\/p>\n\n\n\n<p>Una vez al a\u00f1o, hac\u00e9 tus controles por im\u00e1genes, si ten\u00e9s m\u00e1s de 30 a\u00f1os. Cu\u00e1nto antes se detecte esta enfermedad, mayores son las chances de curarla.<\/p>\n\n\n\n<p>Y esto es verdad.<\/p>\n\n\n\n<p>Agradezco profundamente al <span translate=\"no\">Hospital Alem\u00e1n<\/span> y a todo su equipo, quienes supieron contenerme y ayudar a la detecci\u00f3n precoz de mi enfermedad.<\/p>\n\n\n\n<p>Fue por ellos que me sent\u00ed segura y cuidada en todo momento, sabiendo que estaba en las mejores manos. Les debo la vida.<\/p>\n\n\n\n<p>Ojal\u00e1 estas palabras te sirvan, o sirvan a una amiga, hermana, madre, esposa, que est\u00e9 atravesando un c\u00e1ncer como \u00e9ste que afecta directamente la esencia femenina.<\/p>\n\n\n\n<p>Yo lo pas\u00e9. Mi vida nunca ser\u00e1 igual. Ahora es infinitamente MEJOR.<\/p>\n","protected":false},"featured_media":29879,"template":"","meta":{"_acf_changed":false,"_uag_custom_page_level_css":"","_kad_blocks_custom_css":"","_kad_blocks_head_custom_js":"","_kad_blocks_body_custom_js":"","_kad_blocks_footer_custom_js":"","site-sidebar-layout":"default","site-content-layout":"","ast-site-content-layout":"default","site-content-style":"default","site-sidebar-style":"default","ast-global-header-display":"","ast-banner-title-visibility":"","ast-main-header-display":"","ast-hfb-above-header-display":"","ast-hfb-below-header-display":"","ast-hfb-mobile-header-display":"","site-post-title":"disabled","ast-breadcrumbs-content":"","ast-featured-img":"","footer-sml-layout":"","theme-transparent-header-meta":"","adv-header-id-meta":"","stick-header-meta":"","header-above-stick-meta":"","header-main-stick-meta":"","header-below-stick-meta":"","astra-migrate-meta-layouts":"default","ast-page-background-enabled":"default","ast-page-background-meta":{"desktop":{"background-color":"var(--ast-global-color-4)","background-image":"","background-repeat":"repeat","background-position":"center center","background-size":"auto","background-attachment":"scroll","background-type":"","background-media":"","overlay-type":"","overlay-color":"","overlay-opacity":"","overlay-gradient":""},"tablet":{"background-color":"","background-image":"","background-repeat":"repeat","background-position":"center center","background-size":"auto","background-attachment":"scroll","background-type":"","background-media":"","overlay-type":"","overlay-color":"","overlay-opacity":"","overlay-gradient":""},"mobile":{"background-color":"","background-image":"","background-repeat":"repeat","background-position":"center center","background-size":"auto","background-attachment":"scroll","background-type":"","background-media":"","overlay-type":"","overlay-color":"","overlay-opacity":"","overlay-gradient":""}},"ast-content-background-meta":{"desktop":{"background-color":"var(--ast-global-color-5)","background-image":"","background-repeat":"repeat","background-position":"center center","background-size":"auto","background-attachment":"scroll","background-type":"","background-media":"","overlay-type":"","overlay-color":"","overlay-opacity":"","overlay-gradient":""},"tablet":{"background-color":"var(--ast-global-color-5)","background-image":"","background-repeat":"repeat","background-position":"center center","background-size":"auto","background-attachment":"scroll","background-type":"","background-media":"","overlay-type":"","overlay-color":"","overlay-opacity":"","overlay-gradient":""},"mobile":{"background-color":"var(--ast-global-color-5)","background-image":"","background-repeat":"repeat","background-position":"center center","background-size":"auto","background-attachment":"scroll","background-type":"","background-media":"","overlay-type":"","overlay-color":"","overlay-opacity":"","overlay-gradient":""}},"footnotes":""},"class_list":["post-29887","testimonio","type-testimonio","status-publish","has-post-thumbnail","hentry"],"acf":[],"taxonomy_info":[],"featured_image_src_large":["https:\/\/www.hospitalaleman.org.ar\/wp-content\/uploads\/2025\/01\/testimonio-fabiana-araujo-1024x1002.jpeg",1024,1002,true],"author_info":[],"comment_info":"","spectra_custom_meta":{"_edit_lock":["1736959801:101014"],"_thumbnail_id":["29879"],"_edit_last":["101014"],"modules":[""],"_modules":["field_5656263b16a73"],"redirecturl":[""],"_redirecturl":["field_66911ebd30aae"],"_pys_head_footer":["a:7:{s:14:\"disable_global\";b:0;s:8:\"head_any\";s:0:\"\";s:12:\"head_desktop\";s:0:\"\";s:11:\"head_mobile\";s:0:\"\";s:10:\"footer_any\";s:0:\"\";s:14:\"footer_desktop\";s:0:\"\";s:13:\"footer_mobile\";s:0:\"\";}"],"quote":["\u201cAl Hospital Alem\u00e1n le debo la vida\u201d"],"_quote":["field_67868afd7c04b"],"_wp_old_slug":["fabiana-araujo-paciente-recuperada-de-cancer-de-mama"],"searchOptions":["default"],"_searchOptions":["field_6086fde5956fe"],"_uag_custom_page_level_css":[""],"_kad_blocks_custom_css":[""],"_kad_blocks_head_custom_js":[""],"_kad_blocks_body_custom_js":[""],"_kad_blocks_footer_custom_js":[""],"site-post-title":["disabled"],"theme-transparent-header-meta":[""],"adv-header-id-meta":[""],"stick-header-meta":[""],"footnotes":[""],"_uag_css_file_name":["uag-css-29887.css"],"_uag_page_assets":["a:9:{s:3:\"css\";s:0:\"\";s:2:\"js\";s:0:\"\";s:18:\"current_block_list\";a:3:{i:0;s:14:\"core\/paragraph\";i:1;s:12:\"core\/heading\";i:2;s:14:\"core\/page-list\";}s:8:\"uag_flag\";b:0;s:11:\"uag_version\";s:10:\"1777349384\";s:6:\"gfonts\";a:1:{s:7:\"Default\";a:2:{s:10:\"fontfamily\";s:7:\"Default\";s:12:\"fontvariants\";a:0:{}}}s:10:\"gfonts_url\";s:0:\"\";s:12:\"gfonts_files\";a:0:{}s:14:\"uag_faq_layout\";b:0;}"]},"uagb_featured_image_src":{"full":["https:\/\/www.hospitalaleman.org.ar\/wp-content\/uploads\/2025\/01\/testimonio-fabiana-araujo.jpeg",1330,1302,false],"thumbnail":["https:\/\/www.hospitalaleman.org.ar\/wp-content\/uploads\/2025\/01\/testimonio-fabiana-araujo-150x150.jpeg",150,150,true],"medium":["https:\/\/www.hospitalaleman.org.ar\/wp-content\/uploads\/2025\/01\/testimonio-fabiana-araujo-300x294.jpeg",300,294,true],"medium_large":["https:\/\/www.hospitalaleman.org.ar\/wp-content\/uploads\/2025\/01\/testimonio-fabiana-araujo-768x752.jpeg",768,752,true],"large":["https:\/\/www.hospitalaleman.org.ar\/wp-content\/uploads\/2025\/01\/testimonio-fabiana-araujo-1024x1002.jpeg",1024,1002,true],"1536x1536":["https:\/\/www.hospitalaleman.org.ar\/wp-content\/uploads\/2025\/01\/testimonio-fabiana-araujo.jpeg",1330,1302,false],"2048x2048":["https:\/\/www.hospitalaleman.org.ar\/wp-content\/uploads\/2025\/01\/testimonio-fabiana-araujo.jpeg",1330,1302,false],"gform-image-choice-sm":["https:\/\/www.hospitalaleman.org.ar\/wp-content\/uploads\/2025\/01\/testimonio-fabiana-araujo.jpeg",300,294,false],"gform-image-choice-md":["https:\/\/www.hospitalaleman.org.ar\/wp-content\/uploads\/2025\/01\/testimonio-fabiana-araujo.jpeg",400,392,false],"gform-image-choice-lg":["https:\/\/www.hospitalaleman.org.ar\/wp-content\/uploads\/2025\/01\/testimonio-fabiana-araujo.jpeg",600,587,false]},"uagb_author_info":{"display_name":"Publicidad","author_link":"https:\/\/www.hospitalaleman.org.ar\/de\/author\/"},"uagb_comment_info":0,"uagb_excerpt":"Fabiana: paciente recuperada de c\u00e1ncer de mama Una ma\u00f1ana de finales de verano me estaba poniendo protector solar y not\u00e9 [&hellip;]...","_links":{"self":[{"href":"https:\/\/www.hospitalaleman.org.ar\/de\/wp-json\/wp\/v2\/testimonio\/29887","targetHints":{"allow":["GET"]}}],"collection":[{"href":"https:\/\/www.hospitalaleman.org.ar\/de\/wp-json\/wp\/v2\/testimonio"}],"about":[{"href":"https:\/\/www.hospitalaleman.org.ar\/de\/wp-json\/wp\/v2\/types\/testimonio"}],"version-history":[{"count":7,"href":"https:\/\/www.hospitalaleman.org.ar\/de\/wp-json\/wp\/v2\/testimonio\/29887\/revisions"}],"predecessor-version":[{"id":30434,"href":"https:\/\/www.hospitalaleman.org.ar\/de\/wp-json\/wp\/v2\/testimonio\/29887\/revisions\/30434"}],"wp:featuredmedia":[{"embeddable":true,"href":"https:\/\/www.hospitalaleman.org.ar\/de\/wp-json\/wp\/v2\/media\/29879"}],"wp:attachment":[{"href":"https:\/\/www.hospitalaleman.org.ar\/de\/wp-json\/wp\/v2\/media?parent=29887"}],"curies":[{"name":"wp","href":"https:\/\/api.w.org\/{rel}","templated":true}]}}

Fabiana: paciente recuperada de cáncer de mama

<p class="has-x-large-font-size">Fabiana: paciente recuperada de cáncer de mama</p>



<p>Una mañana de finales de verano me estaba poniendo protector solar y noté una pequeña protuberancia en mi mama derecha. Tan pequeña que casi pasaba inadvertida.</p>



<p>Luego de realizarme los estudios correspondientes, se confirmó mi diagnóstico: carcinoma. Hice radioterapia y, por cinco años, tuve que hacer hormonoterapia.</p>



<p>Y aquí quiero hacer un punto. Cuento estos detalles con la experiencia de haberlos atravesado sin dramatismo. No por morbo, sino para que sepas que, si te toca transitar esta enfermedad, podés hacerlo con total hidalguía.</p>



<p>Nunca me pregunté: “¿Por qué a mí?” Cómo tampoco me lo pregunto cuando me pasan cosas maravillosas en mi vida. Muchas veces reclamamos ante las dificultades, pero creemos que todo lo bueno nos lo merecemos por naturaleza.</p>



<p>El cáncer de mama tiene como principal factor de riesgo ser mujer. Yo no estaba dentro de ninguna de las estadísticas ni de los factores de riesgo.</p>



<p>Por eso, quiero trasmitirte estos consejos:</p>



<p>Ocupate de tu salud. Conocé tu cuerpo; no hay nadie mejor que vos para descubrir cualquier anomalía. Una vez al mes, hacé tu autoexamen mamario frente al espejo.</p>



<p>Una vez al año, hacé tus controles por imágenes, si tenés más de 30 años. Cuánto antes se detecte esta enfermedad, mayores son las chances de curarla.</p>



<p>Y esto es verdad.</p>



<p>Agradezco profundamente al <span translate="no">Hospital Alemán</span> y a todo su equipo, quienes supieron contenerme y ayudar a la detección precoz de mi enfermedad.</p>



<p>Fue por ellos que me sentí segura y cuidada en todo momento, sabiendo que estaba en las mejores manos. Les debo la vida.</p>



<p>Ojalá estas palabras te sirvan, o sirvan a una amiga, hermana, madre, esposa, que esté atravesando un cáncer como éste que afecta directamente la esencia femenina.</p>



<p>Yo lo pasé. Mi vida nunca será igual. Ahora es infinitamente MEJOR.</p>

“Al Hospital Alemán le debo la vida”

Fabiana: paciente recuperada de cáncer de mama Una mañana de finales de verano me estaba poniendo protector solar y noté [&hellip;]...
