{"id":29893,"date":"2025-01-07T23:17:03","date_gmt":"2025-01-08T02:17:03","guid":{"rendered":"https:\/\/www.hospitalaleman.org.ar\/?post_type=testimonio&#038;p=29893"},"modified":"2025-01-15T13:49:35","modified_gmt":"2025-01-15T16:49:35","slug":"barbara-paciente-recuperada-de-cancer-de-mama","status":"publish","type":"testimonio","link":"https:\/\/www.hospitalaleman.org.ar\/de\/testimonios\/barbara-paciente-recuperada-de-cancer-de-mama\/","title":{"rendered":"B\u00e1rbara: paciente recuperada de c\u00e1ncer de mama"},"content":{"rendered":"\n<p class=\"has-x-large-font-size\">B\u00e1rbara: paciente recuperada de c\u00e1ncer de mama<\/p>\n\n\n\n<p>Al recibir el diagn\u00f3stico de c\u00e1ncer de mama enfrent\u00e9 uno de los momentos m\u00e1s dif\u00edciles de mi vida. Desde ese instante, me aferr\u00e9 a las palabras clave que los m\u00e9dicos del <span translate=\"no\">Alem\u00e1n<\/span> me brindaron: Cuid\u00e1 tu mente. El trato c\u00e1lido y el profesionalismo del equipo del <span translate=\"no\">Hospital Alem\u00e1n<\/span> marcaron la diferencia en mi recuperaci\u00f3n, y siempre les estar\u00e9 agradecida.<\/p>\n\n\n\n<p>Desde el principio, me enfoqu\u00e9 en cuidarme integralmente: actividad f\u00edsica, mejor alimentaci\u00f3n y meditaci\u00f3n se convirtieron en pilares fundamentales para mi bienestar.<\/p>\n\n\n\n<p>Durante este tiempo, descubr\u00ed el poder transformador de observar detenidamente mi entorno. Comenc\u00e9 a caminar por mi barrio, Chacarita, redescubriendo su belleza en cada detalle: las veredas, las casas, la luz del sol entre los \u00e1rboles y los p\u00e1jaros sobre los cables.<\/p>\n\n\n\n<p>Me pregunt\u00e9 d\u00f3nde hab\u00eda estado todo este tiempo, ya que viv\u00eda all\u00ed desde hac\u00eda m\u00e1s de 10 a\u00f1os sin tener esta capacidad de apreciar mi entorno. Armada con mi celular, empec\u00e9 a capturar esta belleza en fotograf\u00edas en blanco y negro.<\/p>\n\n\n\n<p>Mis exploraciones se extendieron a otros barrios, pueblos y ciudades, siempre con mi c\u00e1mara lista. Decid\u00ed compartir estas im\u00e1genes y lo que sigui\u00f3 fue sorprendente: recib\u00ed elogios por mis fotos y conect\u00e9 con fot\u00f3grafos de todo el mundo.<\/p>\n\n\n\n<p>Y lo m\u00e1s inesperado, recib\u00ed una invitaci\u00f3n desde la India para participar en una prestigiosa revista de fotograf\u00eda. Despu\u00e9s de 585 d\u00edas de tratamiento en el <span translate=\"no\">Hospital Alem\u00e1n<\/span>, culmin\u00e9 mi proceso. Reun\u00ed las 10.000 fotograf\u00edas capturadas y las transform\u00e9 en una instalaci\u00f3n fotogr\u00e1fica que se exhibi\u00f3 en diversos museos.<\/p>\n\n\n\n<p>Este proyecto no solo documenta mi viaje personal en medio de la adversidad, sino que tambi\u00e9n busca inspirar a otros a descubrir la belleza oculta en sus propias vidas, sin importar los desaf\u00edos que enfrenten.<\/p>\n\n\n\n<p>Esta es mi historia de c\u00f3mo encontr\u00e9 la luz en la oscuridad, y c\u00f3mo la fotograf\u00eda se convirti\u00f3 en mi herramienta para compartir esa luz con el mundo.<\/p>\n","protected":false},"featured_media":29881,"template":"","meta":{"_acf_changed":false,"_uag_custom_page_level_css":"","_kad_blocks_custom_css":"","_kad_blocks_head_custom_js":"","_kad_blocks_body_custom_js":"","_kad_blocks_footer_custom_js":"","site-sidebar-layout":"default","site-content-layout":"","ast-site-content-layout":"default","site-content-style":"default","site-sidebar-style":"default","ast-global-header-display":"","ast-banner-title-visibility":"","ast-main-header-display":"","ast-hfb-above-header-display":"","ast-hfb-below-header-display":"","ast-hfb-mobile-header-display":"","site-post-title":"disabled","ast-breadcrumbs-content":"","ast-featured-img":"","footer-sml-layout":"","theme-transparent-header-meta":"","adv-header-id-meta":"","stick-header-meta":"","header-above-stick-meta":"","header-main-stick-meta":"","header-below-stick-meta":"","astra-migrate-meta-layouts":"default","ast-page-background-enabled":"default","ast-page-background-meta":{"desktop":{"background-color":"var(--ast-global-color-4)","background-image":"","background-repeat":"repeat","background-position":"center center","background-size":"auto","background-attachment":"scroll","background-type":"","background-media":"","overlay-type":"","overlay-color":"","overlay-opacity":"","overlay-gradient":""},"tablet":{"background-color":"","background-image":"","background-repeat":"repeat","background-position":"center center","background-size":"auto","background-attachment":"scroll","background-type":"","background-media":"","overlay-type":"","overlay-color":"","overlay-opacity":"","overlay-gradient":""},"mobile":{"background-color":"","background-image":"","background-repeat":"repeat","background-position":"center center","background-size":"auto","background-attachment":"scroll","background-type":"","background-media":"","overlay-type":"","overlay-color":"","overlay-opacity":"","overlay-gradient":""}},"ast-content-background-meta":{"desktop":{"background-color":"var(--ast-global-color-5)","background-image":"","background-repeat":"repeat","background-position":"center center","background-size":"auto","background-attachment":"scroll","background-type":"","background-media":"","overlay-type":"","overlay-color":"","overlay-opacity":"","overlay-gradient":""},"tablet":{"background-color":"var(--ast-global-color-5)","background-image":"","background-repeat":"repeat","background-position":"center center","background-size":"auto","background-attachment":"scroll","background-type":"","background-media":"","overlay-type":"","overlay-color":"","overlay-opacity":"","overlay-gradient":""},"mobile":{"background-color":"var(--ast-global-color-5)","background-image":"","background-repeat":"repeat","background-position":"center center","background-size":"auto","background-attachment":"scroll","background-type":"","background-media":"","overlay-type":"","overlay-color":"","overlay-opacity":"","overlay-gradient":""}},"footnotes":""},"class_list":["post-29893","testimonio","type-testimonio","status-publish","has-post-thumbnail","hentry"],"acf":[],"taxonomy_info":[],"featured_image_src_large":["https:\/\/www.hospitalaleman.org.ar\/wp-content\/uploads\/2025\/01\/testimonio-barbara.jpeg",822,850,false],"author_info":[],"comment_info":"","spectra_custom_meta":{"_edit_lock":["1736959791:101014"],"_thumbnail_id":["29881"],"_edit_last":["101014"],"modules":[""],"_modules":["field_5656263b16a73"],"redirecturl":[""],"_redirecturl":["field_66911ebd30aae"],"_pys_head_footer":["a:7:{s:14:\"disable_global\";b:0;s:8:\"head_any\";s:0:\"\";s:12:\"head_desktop\";s:0:\"\";s:11:\"head_mobile\";s:0:\"\";s:10:\"footer_any\";s:0:\"\";s:14:\"footer_desktop\";s:0:\"\";s:13:\"footer_mobile\";s:0:\"\";}"],"quote":["\u201cEl trato c\u00e1lido y el profesionalismo del Alem\u00e1n marcaron la diferencia en mi recuperaci\u00f3n\u201d"],"_quote":["field_67868afd7c04b"],"_wp_old_slug":["barbara-prajs-paciente-recuperada-de-cancer-de-mama"],"searchOptions":["default"],"_searchOptions":["field_6086fde5956fe"],"_uag_custom_page_level_css":[""],"_kad_blocks_custom_css":[""],"_kad_blocks_head_custom_js":[""],"_kad_blocks_body_custom_js":[""],"_kad_blocks_footer_custom_js":[""],"site-post-title":["disabled"],"theme-transparent-header-meta":[""],"adv-header-id-meta":[""],"stick-header-meta":[""],"footnotes":[""],"_uag_css_file_name":["uag-css-29893.css"],"_uag_page_assets":["a:9:{s:3:\"css\";s:0:\"\";s:2:\"js\";s:0:\"\";s:18:\"current_block_list\";a:3:{i:0;s:14:\"core\/paragraph\";i:1;s:12:\"core\/heading\";i:2;s:14:\"core\/page-list\";}s:8:\"uag_flag\";b:0;s:11:\"uag_version\";s:10:\"1777227803\";s:6:\"gfonts\";a:1:{s:7:\"Default\";a:2:{s:10:\"fontfamily\";s:7:\"Default\";s:12:\"fontvariants\";a:0:{}}}s:10:\"gfonts_url\";s:0:\"\";s:12:\"gfonts_files\";a:0:{}s:14:\"uag_faq_layout\";b:0;}"]},"uagb_featured_image_src":{"full":["https:\/\/www.hospitalaleman.org.ar\/wp-content\/uploads\/2025\/01\/testimonio-barbara.jpeg",822,850,false],"thumbnail":["https:\/\/www.hospitalaleman.org.ar\/wp-content\/uploads\/2025\/01\/testimonio-barbara-150x150.jpeg",150,150,true],"medium":["https:\/\/www.hospitalaleman.org.ar\/wp-content\/uploads\/2025\/01\/testimonio-barbara-290x300.jpeg",290,300,true],"medium_large":["https:\/\/www.hospitalaleman.org.ar\/wp-content\/uploads\/2025\/01\/testimonio-barbara-768x794.jpeg",768,794,true],"large":["https:\/\/www.hospitalaleman.org.ar\/wp-content\/uploads\/2025\/01\/testimonio-barbara.jpeg",822,850,false],"1536x1536":["https:\/\/www.hospitalaleman.org.ar\/wp-content\/uploads\/2025\/01\/testimonio-barbara.jpeg",822,850,false],"2048x2048":["https:\/\/www.hospitalaleman.org.ar\/wp-content\/uploads\/2025\/01\/testimonio-barbara.jpeg",822,850,false],"gform-image-choice-sm":["https:\/\/www.hospitalaleman.org.ar\/wp-content\/uploads\/2025\/01\/testimonio-barbara.jpeg",290,300,false],"gform-image-choice-md":["https:\/\/www.hospitalaleman.org.ar\/wp-content\/uploads\/2025\/01\/testimonio-barbara.jpeg",387,400,false],"gform-image-choice-lg":["https:\/\/www.hospitalaleman.org.ar\/wp-content\/uploads\/2025\/01\/testimonio-barbara.jpeg",580,600,false]},"uagb_author_info":{"display_name":"Publicidad","author_link":"https:\/\/www.hospitalaleman.org.ar\/de\/author\/"},"uagb_comment_info":0,"uagb_excerpt":"B\u00e1rbara: paciente recuperada de c\u00e1ncer de mama Al recibir el diagn\u00f3stico de c\u00e1ncer de mama enfrent\u00e9 uno de los momentos [&hellip;]...","_links":{"self":[{"href":"https:\/\/www.hospitalaleman.org.ar\/de\/wp-json\/wp\/v2\/testimonio\/29893","targetHints":{"allow":["GET"]}}],"collection":[{"href":"https:\/\/www.hospitalaleman.org.ar\/de\/wp-json\/wp\/v2\/testimonio"}],"about":[{"href":"https:\/\/www.hospitalaleman.org.ar\/de\/wp-json\/wp\/v2\/types\/testimonio"}],"version-history":[{"count":7,"href":"https:\/\/www.hospitalaleman.org.ar\/de\/wp-json\/wp\/v2\/testimonio\/29893\/revisions"}],"predecessor-version":[{"id":30432,"href":"https:\/\/www.hospitalaleman.org.ar\/de\/wp-json\/wp\/v2\/testimonio\/29893\/revisions\/30432"}],"wp:featuredmedia":[{"embeddable":true,"href":"https:\/\/www.hospitalaleman.org.ar\/de\/wp-json\/wp\/v2\/media\/29881"}],"wp:attachment":[{"href":"https:\/\/www.hospitalaleman.org.ar\/de\/wp-json\/wp\/v2\/media?parent=29893"}],"curies":[{"name":"wp","href":"https:\/\/api.w.org\/{rel}","templated":true}]}}

Bárbara: paciente recuperada de cáncer de mama

<p class="has-x-large-font-size">Bárbara: paciente recuperada de cáncer de mama</p>



<p>Al recibir el diagnóstico de cáncer de mama enfrenté uno de los momentos más difíciles de mi vida. Desde ese instante, me aferré a las palabras clave que los médicos del <span translate="no">Alemán</span> me brindaron: Cuidá tu mente. El trato cálido y el profesionalismo del equipo del <span translate="no">Hospital Alemán</span> marcaron la diferencia en mi recuperación, y siempre les estaré agradecida.</p>



<p>Desde el principio, me enfoqué en cuidarme integralmente: actividad física, mejor alimentación y meditación se convirtieron en pilares fundamentales para mi bienestar.</p>



<p>Durante este tiempo, descubrí el poder transformador de observar detenidamente mi entorno. Comencé a caminar por mi barrio, Chacarita, redescubriendo su belleza en cada detalle: las veredas, las casas, la luz del sol entre los árboles y los pájaros sobre los cables.</p>



<p>Me pregunté dónde había estado todo este tiempo, ya que vivía allí desde hacía más de 10 años sin tener esta capacidad de apreciar mi entorno. Armada con mi celular, empecé a capturar esta belleza en fotografías en blanco y negro.</p>



<p>Mis exploraciones se extendieron a otros barrios, pueblos y ciudades, siempre con mi cámara lista. Decidí compartir estas imágenes y lo que siguió fue sorprendente: recibí elogios por mis fotos y conecté con fotógrafos de todo el mundo.</p>



<p>Y lo más inesperado, recibí una invitación desde la India para participar en una prestigiosa revista de fotografía. Después de 585 días de tratamiento en el <span translate="no">Hospital Alemán</span>, culminé mi proceso. Reuní las 10.000 fotografías capturadas y las transformé en una instalación fotográfica que se exhibió en diversos museos.</p>



<p>Este proyecto no solo documenta mi viaje personal en medio de la adversidad, sino que también busca inspirar a otros a descubrir la belleza oculta en sus propias vidas, sin importar los desafíos que enfrenten.</p>



<p>Esta es mi historia de cómo encontré la luz en la oscuridad, y cómo la fotografía se convirtió en mi herramienta para compartir esa luz con el mundo.</p>

“El trato cálido y el profesionalismo del Alemán marcaron la diferencia en mi recuperación”

Bárbara: paciente recuperada de cáncer de mama Al recibir el diagnóstico de cáncer de mama enfrenté uno de los momentos [&hellip;]...
